 96. Calculate the remainder when d is divided by z(4).
14
Calculate the remainder when 35 is divided by 2 - (2 + (-11 - 2)).
9
Let f = -57 + 92. Suppose 0 = 2*h - 7*h + f. Let m(s) = s + 9. Calculate the remainder when m(h) is divided by 9.
7
Let m(l) = -l - 15. Let p be m(-11). Calculate the remainder when p/(-14) + 1320/35 is divided by 13.
12
Let c(a) = -a + 27. Let i be (-2)/(-3)*(0 + 9). Let q(t) = 7*t + 7. Calculate the remainder when q(i) is divided by c(10).
15
Let t(p) = 10*p + 3. Let d be t(-9). Let n be d/(-5) + 2/(-5). Let c = n - 8. What is the remainder when 26 is divided by c?
8
Let l = 50 + -27. Calculate the remainder when 135 is divided by l.
20
Let w = -10 - -19. Calculate the remainder when w is divided by 6.
3
Suppose -4 - 44 = -4*m - 4*d, 4*m - d - 53 = 0. What is the remainder when 41 is divided by m?
2
Suppose 0 = -2*c + 3*m + 67, -3*c + 2*m + 57 = -36. What is the remainder when c is divided by 10?
9
Let d be (3 + -2)/(5/15). Suppose 2*g - 15 = d*b, 5*b = b - 20. Suppose g = -h + 3, z + 5*h + 36 = 2*z. Calculate the remainder when z is divided by 13.
12
Suppose 0 = 4*x + 2*u - 54 - 138, -x + 66 = -4*u. Suppose -10 = 5*h - 3*h. Calculate the remainder when x is divided by 15 + (-1 - (h + 2)).
16
Suppose 0 = 5*a - 13 - 142. Let k = 54 - a. Let p(w) = w**3 + 7*w**2 + 4*w. What is the remainder when k is divided by p(-6)?
11
Let a(m) be the first derivative of 11*m**3/3 + 4. What is the remainder when a(-3) is divided by 25?
24
What is the remainder when (26/4)/(1/6) is divided by 15?
9
Suppose h - 13 = 4*k, -k = -4*h - 2*k + 18. Suppose 3*c + g - 6 = 4*g, 0 = -3*c + h*g. What is the remainder when c is divided by 3?
2
Let z(d) = d**2 - 10*d + 2. Let t be z(10). Suppose 14 = t*f - b + 4*b, -5*f + 26 = 3*b. Calculate the remainder when 10 is divided by f.
2
Suppose 7*n - 74 = 402. Calculate the remainder when n is divided by ((-56)/12)/(2/(-6)).
12
Suppose 28 = 3*s + 4. Let q = -6 + s. Suppose -5*w - 40 = -3*v, -v - w + 10 = -q*w. What is the remainder when v is divided by 3?
2
Let z be 8 - (-2)/(-4 - -2). Let g = z - 3. Let u = -48 + 57. What is the remainder when u is divided by g?
1
Let f = -25 - -96. Calculate the remainder when f is divided by 18.
17
Let s = 68 + -18. Calculate the remainder when s is divided by 11.
6
Let m(u) be the first derivative of 1/3*u**3 + 0*u + 1 + 1/2*u**2. What is the remainder when 17 is divided by m(-3)?
5
Suppose -4 - 8 = -4*f. Suppose -f*a - 23 + 71 = 0. What is the remainder when a is divided by 9?
7
Let z be 3 - 0/(8/4). Suppose -54 = -3*v - 5*p, 3*v + 0*v + z*p = 48. What is the remainder when 37 is divided by v?
11
Let o(a) = a + 13. Let u be o(-8). Let b(j) = 7*j - 2*j - 2*j. What is the remainder when 44 is divided by b(u)?
14
Let a = 53 + -77. Let b = -11 - a. Calculate the remainder when b is divided by 8.
5
Let q be 8/(-1 - (-68)/70). What is the remainder when q/(-6) - 3/(-9) is divided by 16?
15
What is the remainder when 1/((3/(-128))/(-3)) is divided by 13?
11
Suppose 0 = -5*z - a + 286, -3*a + 46 = -z + 2*z. Calculate the remainder when z is divided by 20.
18
Let a be (-172)/(-8) + (-1)/2. Let q be a - (-3 + 3 + -1). Suppose 2*s - 32 = q. Calculate the remainder when s is divided by 15.
12
Suppose 3*k - 2 = 2*p, -4*k - p = -0*p + 12. Let r(h) = -2*h - 3*h**2 - 12 + 10 - h**3 + h**2. What is the remainder when 2 is divided by r(k)?
0
Suppose -321 - 57 = -3*r + 3*p, 0 = -3*r - p + 394. Let u = -81 + r. Suppose -b + 20 = 3. What is the remainder when u is divided by b?
15
Let l(d) = 2*d**2 + 2. Let x(z) = -z**3 - 11*z**2 + 12*z + 2. Let c be x(-12). What is the remainder when 18 is divided by l(c)?
8
Let w be (1 - -1)/(4/14). Let g = -5 + w. Let z(c) = c**3 - 16*c**2 - 18*c + 19. Calculate the remainder when g is divided by z(17).
0
Let c(u) = u**3 - 12*u**2 + 14*u - 23. Calculate the remainder when c(11) is divided by (-4)/(-16) + (-46)/(-8).
4
Let x = 42 + -6. What is the remainder when 178 is divided by x?
34
Suppose -b = -4*r - 2*b + 363, r - 2*b - 84 = 0. Calculate the remainder when r is divided by 16.
10
Let q(f) = -f**3 - 3*f**2 + 3*f + 8. What is the remainder when 22 is divided by q(-4)?
10
Let z(i) = -i**2 + i. Let h be z(2). Let f be (-260)/(-16) + h/8. Suppose 3*w = -4*c + f, -w = 2*c - 6 - 0. What is the remainder when 13 is divided by w?
1
Suppose 15*l - 17*l + 12 = 0. What is the remainder when l is divided by 4?
2
Let r = -4 + 11. Let n be (-1)/(10/11 + -1). Suppose -2*z - n + 37 = 0. What is the remainder when z is divided by r?
6
Let i = -21 + 27. Calculate the remainder when 220/14 + 4/14 is divided by i.
4
Let u(c) be the second derivative of -c**3/3 - 3*c**2 + 3*c. Suppose -110 = 4*r - 274. What is the remainder when r is divided by u(-10)?
13
Let k(r) be the second derivative of -r**4/12 + 11*r**3/6 + r**2 - 9*r. What is the remainder when 75 is divided by k(8)?
23
Let z be 4/(-3)*(-6)/4. Suppose -x - z*x + 111 = 0. What is the remainder when x is divided by (-2)/9 - (-519)/27?
18
Let g be 18 + -1 - (3 + 0). Suppose 3*l - 4*h = 16, h - 40 + g = -3*l. Suppose -p = 3*p - 92. Calculate the remainder when p is divided by l.
7
Suppose 4*a - a = 18. Suppose 3*c = 2*c + 3*b - 12, -3*b = c + a. Let g = c - -22. Calculate the remainder when 24 is divided by g.
11
Suppose -2*a = -2*m + m + 3, a = -m. Let r(y) = 67*y**2 + 2*y + 2. Calculate the remainder when r(a) is divided by 14.
11
Suppose -5*a - 25 + 80 = 0. Suppose 2*z + 3 = 3*z. What is the remainder when a is divided by z?
2
Let t be (1/2)/(2/(-48)). Let i be (-92)/t + (-2)/3. Suppose -4*z - 42 = -i*z. What is the remainder when z is divided by 5?
4
Suppose -4*o + 75 = -73. What is the remainder when o is divided by 10?
7
Let d = -22 + 26. Suppose -4*s + 81 = 5*a - 100, 4*s = d*a - 116. What is the remainder when a is divided by 10?
3
What is the remainder when (-53)/(-4) + (-1)/4 is divided by 8?
5
Suppose 3*d = -28 + 67. Let h = d + -6. What is the remainder when 20 is divided by h?
6
Suppose 3*y - 104 = -y. Let v(m) = -2*m + 2. Let f be v(-5). Let i = f + -5. What is the remainder when y is divided by i?
5
Suppose -15*v = -35 - 10. Calculate the remainder when 52 is divided by v.
1
Let n(w) = w**3 + 2. Let z be n(0). Suppose j + z*q - 1 = -3*q, 2*j - 4*q = 30. Calculate the remainder when (1 + (-22)/6)*-12 is divided by j.
10
Let t(c) = -c**2 + 2*c + 3. Let k be t(3). Suppose k = 6*j - j - 55. Calculate the remainder when j is divided by 4.
3
Let t(i) = 2*i**3 - 2*i**2 - i + 2. What is the remainder when 20 is divided by t(2)?
4
Suppose 3*p = 2*o + 50, -5*o = -0 - 10. What is the remainder when 67 is divided by p?
13
Suppose 3*k + 10 = 52. What is the remainder when 40 is divided by k?
12
Suppose 24 = 5*f + 4*l, 0 = -0*f + f - l - 12. Let p = -23 - -40. Suppose -p - 6 = -n. Calculate the remainder when n is divided by f.
7
Let j = 99 + -47. Let d(l) = -l**3 + 3*l**2 + 6*l - 1. Let f(h) = -h**2 + h + 1. Let u(y) = d(y) - f(y). Calculate the remainder when j is divided by u(4).
16
Let f = -9 - -23. Calculate the remainder when 53 is divided by f.
11
Suppose -17*h = -13*h - 188. Calculate the remainder when h is divided by (2 - 0)/((-1)/(-6)).
11
Suppose -4*u = -16, u = 5*i - 3 - 83. Calculate the remainder when 34 is divided by i.
16
What is the remainder when 43 is divided by (1/2)/(6/108)?
7
Suppose 0 = 3*z - 2 - 70. Let x(w) be the first derivative of w**3/3 - 2*w**2 + 2*w + 10. What is the remainder when x(9) is divided by z?
23
Suppose 106 = 4*h + 2*b - 3*b, 5*b - 10 = 0. What is the remainder when h is divided by 6?
3
Let d(b) = -4*b**3 - b**2 - 2. Suppose -2 = -3*a - 8. Let o be d(a). Let x = o - 13. Calculate the remainder when x is divided by 5.
3
Let j be -1*(1 - 0)/(-1). Let x be j/((-3)/(-6) - 0). Suppose 24 = x*g + 2*c, 12 = g + 3*c - 8. Calculate the remainder when g is divided by 5.
3
Let r = -25 - -17. Let l(c) = -c**3 - 8*c**2 - 5*c - 9. Calculate the remainder when l(r) is divided by 16.
15
What is the remainder when 88 is divided by 0 + (-25)/5 - -15?
8
Let b = 7 + -3. Suppose -4*t = -12 + 4, -b*p + 3*t = 66. Let n = p + 37. Calculate the remainder when n is divided by 8.
6
Suppose -3*i + 420 = 66. Calculate the remainder when i is divided by 41.
36
What is the remainder when 24 is 